. Suppose h = 2*q + x*u, 2*q + 3*u + 197 = 7*q. Is q a prime number?
True
Let l be (-1)/(1 + (-4)/(-5) + -2). Suppose -l*h = k + 3*k - 11297, 0 = 4*k - 4*h - 11288. Is k a composite number?
True
Suppose 0 = 4*a + 63*r - 58*r - 18677, 23320 = 5*a + r. Is a a prime number?
True
Let s = 3662 - 2748. Is s a prime number?
False
Let n = -22 + 24. Suppose n*t - 4 + 0 = 0. Is (-37 - -4)/((-2)/t) composite?
True
Suppose 29*d = -9*d + 300998. Is d a prime number?
False
Let i be 2/(-7) - 137826/63. Let s = -1517 - i. Is 5*(s/5 + 2) composite?
True
Let i = -89 + 65. Is ((-20144)/i)/(4/6) prime?
True
Let i be 1/((-8)/(-60))*(-3 - 1). Let j(k) = -k**3 - 29*k**2 - 21*k + 29. Is j(i) a composite number?
False
Let m = 61335 + -32858. Is m a composite number?
False
Suppose 2*p - 2*o = -0*p - 10, 2*p - 5*o + 7 = 0. Let s be (-1)/(-3) + 2/p. Suppose -5*h + 300 + 125 = s. Is h composite?
True
Suppose -4*v = 35 - 11. Let h(u) = -72*u + 17. Is h(v) composite?
False
Let b = -55691 + 129106. Is b prime?
False
Suppose 7*v = 10*v + 894. Let o = v + 9. Let p = 106 - o. Is p a composite number?
True
Suppose a + 0*a - d = 14, -4*a - 2*d = -32. Suppose a*p = 7*p. Suppose p = -5*s + 174 + 441. Is s a composite number?
True
Let y = 36 + -29. Suppose 0 = -y*x + 4*x + 291. Is x a composite number?
False
Suppose 0 = 6*x - 5*x - 1007. Suppose -4*j = o - 2*j - x, -2*o - j + 2008 = 0. Is o a composite number?
True
Let v(d) = -12*d**2 + 4*d - 8. Let f(b) = -b - 1. Let p(o) = -5*f(o) - v(o). Is p(-4) a prime number?
False
Suppose -5*k - 3*r - 10 = 17, 0 = 5*k + 2*r + 23. Is 331 - k/((-3)/(-3)) composite?
True
Let s = -50 - -53. Is (12618/16)/s - (-8)/64 a prime number?
True
Let z(n) = 129*n**2 + n + 21. Is z(5) a composite number?
False
Suppose -10*q - 101540 = -30*q. Is q prime?
True
Suppose -d = u - 29051 - 27188, 4*u - 5*d - 224938 = 0. Is u prime?
True
Let i(z) = 22*z**3 - 2*z**2 + 2*z + 9. Is i(11) composite?
True
Let k(x) = -x**2 + 6*x - 2. Let c be k(6). Let z(r) = 864*r**2 - r - 1. Is z(c) composite?
False
Let j = -19149 - -32770. Is j prime?
False
Let n = 1 - 1. Let b be 2/(-3)*((-1140)/(-8))/(-19). Suppose b*k - 1792 - 753 = n. Is k prime?
True
Suppose 0 = 7*l - 3*l + 5*c - 33, 0 = -5*l + 2*c. Suppose -2*m + 1660 = 6*u - u, -4*u = -l*m + 1678. Is m prime?
False
Let m(n) = -19*n - 3. Suppose -21*a + 22*a = 4. Suppose 8*k - a*k = -24. Is m(k) prime?
False
Is ((-3)/2)/((-177)/494302) composite?
True
Suppose 0 = 2*l + 2*l - 4*d - 3132, -1568 = -2*l + 4*d. Suppose 3*i + r = l, -5*i - r + 1290 = -6*r. Let s = i - 97. Is s composite?
False
Let i be -131 + (-5 - (-9 - -2)). Let d(c) = 196*c**3 + c**2 - c. Let g be d(1). Let p = i + g. Is p composite?
False
Let h(u) = 8 + 3 - 2 + 7*u. Let k be (17 + 13)/(-10)*20/(-6). Is h(k) composite?
False
Let b be 37797/12 + 1/4. Suppose 0 = 4*i - 6*i + 5*g + b, -3190 = -2*i - 5*g. Is i a prime number?
False
Suppose 5*x = -n + 40, 3*x = 2*n - 10 - 5. Let l(s) = -2*s**2 - 5*s - 13. Let j be l(n). Let c = -47 - j. Is c a composite number?
False
Let f(i) = -4*i**3 - 5*i**2 + 9*i - 3. Let t be f(4). Let n = t + 632. Is n a composite number?
True
Let n(x) = -4*x**3 - 2*x - 1. Let v be n(-1). Let c = -57 - -142. Suppose v*d - 45 = c. Is d prime?
False
Suppose 2*u + u - 9 = 0. Suppose -6*d - 2*m = -d - 550, -5*d = -u*m - 575. Let s = 261 - d. Is s prime?
True
Let l = 11 + -7. Suppose 17*d = 20*d - 45. Is ((-10)/d)/(l/(-954)) composite?
True
Let j = 926 + -418. Suppose 55*s = 51*s + j. Is s a composite number?
False
Let w(x) = 794*x**2 + 10*x - 13. Is w(-3) prime?
True
Suppose 2*l - 7967 = -f + 5*l, -3*f - 3*l = -23901. Is f composite?
True
Let r = 5 + 1. Suppose r*s - 1112 = 226. Is s prime?
True
Let w be (-2 - -1)/((-17)/34). Suppose -w*q + 5*q = 231. Is q a composite number?
True
Suppose 4*n - n + 534 = 0. Suppose 15*u + 1428 = 12*u. Let c = n - u. Is c a composite number?
True
Let b(i) = 263*i + 185. Is b(22) composite?
True
Suppose 4*y - 7*y + 759 = 0. Is y composite?
True
Let c = 1887 - 178. Is c a composite number?
False
Let w(i) = -i**2 + 3*i - 3. Let u be w(2). Is 1 + (2 - (-125 + u - -2)) a prime number?
True
Let d = -98 + 101. Suppose 0 = 3*q + 3*t - 8*t - 4306, -q + d*t + 1434 = 0. Is q prime?
False
Let f = 2371 + -1235. Suppose -2*i + w = -411, 5*i = w + f - 116. Is i prime?
False
Let d be 8*293*(36/8)/9. Suppose -16*t + 20*t - d = 0. Is t composite?
False
Let j be 14 - 8 - (-8)/(-2). Suppose -5*k + c - 6*c = -3080, 0 = 4*k + j*c - 2458. Is k a composite number?
False
Let y(q) = 33*q**3 + 3*q**2 + 22*q - 91. Is y(9) a composite number?
False
Let n be (-16 + 4)/((-9)/(-12)). Is n/72 + 200/9 prime?
False
Let l(m) = 1657*m**3 + 3*m**2 - 3*m. Let v = -24 - -25. Is l(v) composite?
False
Let m(u) = 184*u + 3. Let r be m(4). Let j = r + -368. Is j composite?
True
Is 12/(-126) - (-6598)/42 composite?
False
Let o(h) = -h**2 - 4*h - 4. Let f be o(-3). Is 2/(-4)*(-2878 + f - -1) a composite number?
False
Let r = -138 + 198. Suppose -67*u + r*u + 19859 = 0. Is u a prime number?
True
Let d(i) = -458*i + 32. Let f be d(-11). Suppose -3*m - 5088 = -5*b + 2*b, -3*m = 3*b - f. Is b composite?
False
Let l = -1656 + 3732. Let j = l + -1399. Is j a prime number?
True
Let n = 34409 - 17436. Is n composite?
True
Let h be (3 + (-33)/6)*-30. Let m = h - -52. Is m a composite number?
False
Is (14/(-77) - (-9)/(-11))*-4091 a prime number?
True
Let q = 42 + -10. Let u be (-8)/q + 3/(-4). Let i(c) = -36*c**3 - 2*c - 1. Is i(u) a composite number?
False
Let r be (-4)/8 + (-46)/(-4). Let l = r - 9. Suppose x + l*x = 111. Is x a composite number?
False
Suppose 3*n + 3 = -0*n - 3*y, 0 = n + 5*y + 13. Suppose 3*v + 4*r - 20 = v, 0 = -n*v + 5*r - 25. Is ((-485)/(-2) + v)*2 composite?
True
Let v(o) = 2*o**2 + 11*o + 68. Is v(14) a prime number?
False
Let i be 7/4 - 1/(-4). Let r(c) = 396*c + 3. Let z(u) = 131*u + 1. Let x(n) = 4*r(n) - 11*z(n). Is x(i) a prime number?
False
Suppose -101*h - 525 = -98*h. Let p = h - -1320. Is p prime?
False
Let x = -2 - -8. Suppose 11*w - x*w + 4075 = 0. Let a = -462 - w. Is a prime?
True
Let o = -69 - -43. Suppose -2*c = 2*i - 200, c + 2*c + i - 310 = 0. Let h = c - o. Is h composite?
False
Suppose 1450*d + 97809 = 1453*d. Is d prime?
True
Let w(n) = n + 4. Let m be w(0). Suppose 9*y + j = 4*y + 266, -m*y = -4*j - 232. Let a = y + -17. Is a composite?
False
Suppose -j + 4*j = q + 619, q - 1045 = -5*j. Let l = 125 - 184. Let g = l + j. Is g composite?
False
Let j = 1552 + -127. Suppose -q - 238 = -j. Is q composite?
False
Suppose -3*n - 2*n + 15 = 0. Suppose -6*a + 2*a + 460 = 0. Suppose -n*r + 2*r + a = 0. Is r composite?
True
Let p = 88 - -256. Suppose 4*s - 1452 = p. Is s a prime number?
True
Suppose 6*r = 10*r. Suppose -641 = -2*f + 2631. Suppose r*k + k - 387 = -5*v, 4*k - f = 2*v. Is k a composite number?
True
Let y = -15 - -11. Let o be (-2)/((2/y)/1). Suppose -o*k = -b - 6528, 0 = -0*k - k - 3*b + 1619. Is k prime?
False
Let w = 17 + 226. Suppose 0 = -2*x + 2*a + 1462, 488 = x + 3*a - w. Is x a prime number?
False
Suppose 55*v = -22*v + 95018. Is v prime?
False
Is 1 + -3 + 3241 + 12 a prime number?
True
Let l be (-8 + (-8 - -6))/((-2)/252). Is (l - -2)*3*2/12 a prime number?
True
Let k(s) = 6*s**2 - 1. Let c be k(-1). Suppose 1180 = c*q - j - 4*j, -3*q = 5*j - 684. Is q prime?
True
Let p = 1870 - 4450. Let l = 839 - p. Is l a composite number?
True
Suppose 13658 - 4846 = 4*n. Is n composite?
False
Suppose 30 = -8*x + 13*x. Suppose 0 = x*t - 9*t + 54. Is (-34)/((t/69)/(-3)) prime?
False
Let u(b) = -b**3 + 3*b**2 + 4*b. Let p be u(4). Let z(a) = 2*a**2 - 2 + p*a + 1 + 36*a**2 - a. Is z(2) composite?
False
Let d = 4704 + -1267. Is d prime?
False
Let w = 2 + -3. Is (w + 4)*333/27 a composite number?
False
Suppose 7*j - 6*j = -d + 3950, 5*j - 5*d = 19710. Is j a prime number?
False
Let s be 4/(32/6)*-28. Let f = s + 21. Suppose f*q + 205 = q. Is q a composite number?
True
Let r = -296805 - -445448. Is r a prime number?
False
Let m(v) = 21173*v + 81. Is m(1) prime?
False
Let q(z) = 99095*z**2 + 2. Is q(1) a prime number?
False
Let f(j) = -8071*j**3 - 3*j**2 - 2*j + 1. Is f(-1) composite?
True
Suppose 6*l = 8*l - 18. Let f be 0 - (2 + (3 - l)). Suppose 1 = -5*z + 21, 3*b - 589 = -f*z. Is b a composite number?
False
Suppose -4063 - 3845 